 -0*k, 4*x - 4 = 0. What are the prime factors of k?
2, 7
Let h(v) = -v**3 - 11*v**2 + 13*v + 15. Let u be h(-12). Suppose -4*j + u*z + 2*z + 26 = 0, 2*j - 4 = -2*z. What are the prime factors of j?
2
Let d(w) = 0 - 4*w - 6 + 1. Let b be d(-4). Suppose 0 = -2*n - 3*g + b, 2*n = -g + 4*g + 17. What are the prime factors of n?
7
Suppose -5*d + 0*d = 5. Let a = 19 - d. What are the prime factors of a?
2, 5
Let c(f) = -f**2 + 9. Let h(i) = 1. Let m(z) = -c(z) + 5*h(z). Let t be m(0). Let b(q) = -5*q - 6. What are the prime factors of b(t)?
2, 7
Let t(q) = 9*q - 12. List the prime factors of t(5).
3, 11
Let s(f) be the third derivative of f**6/120 - f**5/10 + f**4/12 + f**3/2 - 2*f**2. Let v be s(6). Suppose l = 4*l - v. What are the prime factors of l?
5
Let z(t) = -2*t - 4. Suppose -2*x - 2*y - 1 = x, -x = -y + 7. Let v be z(x). List the prime factors of ((-6)/v)/3*-6.
2, 3
Let r(w) = w**2 + 7*w + 4. Let k be r(-7). Suppose -g = -k - 6. Suppose -g - 6 = -4*i. What are the prime factors of i?
2
Suppose -k + 0 + 2 = 0. Suppose 3*j - 51 = -2*d, 0 = -6*j + 4*j + k*d + 24. What are the prime factors of j?
3, 5
Suppose -11*a = -13*a + 10. What are the prime factors of a?
5
Let z be (-18)/(5/(30/(-4))). Let p = -1 + z. What are the prime factors of p?
2, 13
Let l(k) = -k**3 - 5*k**2 + 4*k + 1. Let u = 0 + -6. List the prime factors of l(u).
13
Let q(g) = -3*g - 4. What are the prime factors of q(-5)?
11
Let s be (-1 + (-21)/(-12))*4. Suppose 29 + 2 = 2*p + j, -69 = -s*p + 3*j. List the prime factors of p.
2, 3
Let z = -25 - -50. List the prime factors of z.
5
Suppose 2*y - 789 + 205 = 0. List the prime factors of y.
2, 73
Suppose 4*b = -3*m - 32, -2*m - 2*m - 4*b - 36 = 0. Let p be 1*(-1 + (-3 - m)). Suppose p = 4*g - 6 - 54. What are the prime factors of g?
3, 5
Let l = 27 - -73. List the prime factors of l.
2, 5
Let f(s) = -11*s + 2. Let d be f(3). Let c = -16 - d. What are the prime factors of c?
3, 5
Suppose 2*l - 4*w - 18 = 0, -4*w = -2*l - w + 15. List the prime factors of l.
3
Let l = 10 + -1. Let m = l + -7. Suppose m*q + 28 - 72 = 0. What are the prime factors of q?
2, 11
Let a(r) = -r**3 - 4*r**2 + 5. Suppose -4*l - 8 = -b - 3*b, 4*l - 8 = -4*b. Suppose -b*n - 4 = -n. What are the prime factors of a(n)?
5
Suppose 3*v + 30 - 2 = -5*o, o = -3*v - 8. Let l = o - -8. List the prime factors of l.
3
Suppose -3*d + 6 = -39. List the prime factors of 0/2 + d + 0.
3, 5
Let g(q) = -q**2 - 9*q + 2*q - 4 - 2. What are the prime factors of g(-4)?
2, 3
Let k(y) = 2*y - 7. Let v be k(8). Let w = v - 6. List the prime factors of w.
3
Suppose -y = 3*d - 13, -3*y + 10 + 9 = 4*d. Suppose -z + 11 = -d*q - 0*q, -5*q = 5. Suppose -2*g + z = -g. List the prime factors of g.
7
Let r be (944/12)/((-2)/(-6)). Suppose 3*c + 2 = 50. List the prime factors of r/c - (-2)/8.
3, 5
Let s be (6/9)/((-2)/(-21)). Suppose -y - 5*h + s = 2*y, -4*y = 5*h - 1. List the prime factors of (-10)/y + 1/3.
2
Let x = -2 + 2. Let f(t) = t**2 + 2*t + 7. List the prime factors of f(x).
7
Let z(o) = -o**2 - 16*o - 13. List the prime factors of z(-11).
2, 3, 7
Let n(c) = c**3 + 8*c**2 + 8*c + 10. Let k(t) = t**3 - 7. Let h = -4 - -4. Let g be k(h). What are the prime factors of n(g)?
3
Let j be (0 + -1 + 15)/1. Let y = j - 4. What are the prime factors of y?
2, 5
Let l(k) = -3*k - k - k**3 - 2*k**2 - 3 - 3*k + 3*k. Let h be l(-2). Let a = 8 - h. List the prime factors of a.
3
Let u = -1 - 1. Let k be -3 - (-25 - (u - -1)). Let w = k + -8. What are the prime factors of w?
13
Let c = -10 - -4. Let w(f) = 2*f - 2*f - f + 5. List the prime factors of w(c).
11
Let v be 43/6 - 2/12. Let q = -5 + v. Suppose q*n - 2*w = 24, 4*n - 4*w + 9*w = 39. What are the prime factors of n?
11
Suppose -4*w - 195 = -w. List the prime factors of (-2 + 14/10)*w.
3, 13
Suppose 55 + 285 = 5*a. List the prime factors of a.
2, 17
Let u(t) = 2*t - 4. Suppose -5*w - 15 + 45 = 0. Let a be u(w). Suppose -2*j - r + 16 = 0, r = -5*j + a + 29. List the prime factors of j.
7
Let y = -7 - -11. Suppose 2*o = -5*n + 45, 0 = -3*n + 5 + y. What are the prime factors of o?
3, 5
Let h(k) = -k + 5. Let t be h(-6). Suppose 4*m - 13 - t = 0. List the prime factors of m.
2, 3
Let o = -24 + 19. Let f = o - -13. List the prime factors of f.
2
Suppose 2*g - 6 = -2. Suppose 7*o + 3 = 8*o. Suppose 0 = -o*r + 6, g*v - 3*r - 8 = r. What are the prime factors of v?
2
Suppose -27 = -5*c + 143. What are the prime factors of c?
2, 17
Let d be ((-159)/(-9))/((-2)/6). Let o = d + 22. Let k = o - -43. What are the prime factors of k?
2, 3
Suppose 0 = 4*d + 3*u - 593, u + 0 + 1 = 0. Suppose -4*j + 4*y = y - d, 4*j - y = 159. What are the prime factors of j?
41
Suppose 0 = 4*h - v - 1084, -h - 794 = -4*h - 4*v. Suppose -h = 2*m - 7*m. Let d = m - 32. List the prime factors of d.
2, 11
What are the prime factors of (-6)/14 + 9135/49?
2, 3, 31
Suppose 78 = -3*w - 51. Let a = w - -19. Let q = -13 - a. List the prime factors of q.
11
Let u(b) = b**2 + 4. Let c be u(-3). Let o = -8 - -6. Let x = c + o. What are the prime factors of x?
11
Let q(j) = j**3 - 9*j**2 + 8*j + 4. Let v(p) = p**3 - 7*p**2 + 6*p + 3. Let w be v(6). Suppose 0 = -w*l + 23 + 1. List the prime factors of q(l).
2
Let o be (-2)/(-4) - 4/8. Suppose 3*k + o*k = 12, -2*k = -5*b + 7. What are the prime factors of b?
3
Let o = 10 - 9. Let z = o - -17. Suppose -z = f - 4*f. What are the prime factors of f?
2, 3
Let p(s) = -s**2 - s. Let z(b) = -b**3 - 2*b**2 - 3*b - 3. Let j be (-3 + 2)*(2 + -1). Let d(h) = j*z(h) + 4*p(h). List the prime factors of d(3).
3
Let h = 5 + -2. Suppose 0 = h*f + 1 - 7. Suppose f*u + 3 = 39. What are the prime factors of u?
2, 3
Let v be -1 - 3/((-6)/8). Suppose v*q + 51 = 6*q. List the prime factors of q.
17
Let m = -245 - -392. List the prime factors of m.
3, 7
Let q be -1*(-4)/((-4)/7). Let s = 31 + q. List the prime factors of s.
2, 3
Let t = 11 - 11. Suppose 0 = o - t - 3. What are the prime factors of o?
3
Suppose 0 = 3*g - 5*g - 288. List the prime factors of 2/(-7) + g/(-14).
2, 5
Let s be 2 + ((-3)/(-3) - -1). Suppose -s*v = -2*v - 20. What are the prime factors of v?
2, 5
Let k(q) be the first derivative of q + 1. Let a(b) = 2*b - 7. Let c(g) = -a(g) - 5*k(g). What are the prime factors of c(-2)?
2, 3
Let s = 13 + -19. List the prime factors of s/30 + 61/5.
2, 3
Let s be 3*-1*(-3 - 4). List the prime factors of (12/(-10))/(s/(-140)).
2
Suppose -3*z = 2*z. Suppose -63 = -3*s - z*s. List the prime factors of s.
3, 7
Let c(w) = -2*w - 4. Let r be (2 - (0 - 2))/(-1). Let z be c(r). Suppose -5*q + 52 = m, -2*q - z*m - m = -7. What are the prime factors of q?
11
Suppose -2*c + 137 = 43. What are the prime factors of c?
47
What are the prime factors of -2 + -1 - -30 - 2?
5
Let a(i) = i**3 + 4*i**2 - i + 1. Let c be a(-4). Suppose 3*l - 53 = -s - 3*s, c*s - 5*l = 75. What are the prime factors of s?
2, 7
What are the prime factors of 4/12 - 260/(-12)?
2, 11
Let o(t) = 54*t - 3. Let g be o(2). Let w = g + -68. What are the prime factors of w?
37
Suppose -6*f + 1296 = 6*f. List the prime factors of f.
2, 3
Suppose 5*f = -3*y + 7*y - 115, 3*y - 4*f = 86. Let k = 58 - y. List the prime factors of k.
2, 7
Let l(k) = 2*k**3 - 14*k**2 + 16*k - 17. Let x(i) = 3*i**3 - 21*i**2 + 24*i - 26. Let p(h) = 8*l(h) - 5*x(h). What are the prime factors of p(6)?
2, 3
Let c(l) = -2*l - 7. Let p be c(-8). Let r be (-4)/6*p/(-2). Let w = r - -2. List the prime factors of w.
5
Let s = -23 + 28. List the prime factors of s.
5
Let b(f) = f**2 + 2*f + 4. What are the prime factors of b(4)?
2, 7
Let d = -73 - -224. List the prime factors of d.
151
Let j = -6 + 16. List the prime factors of 6/j - (-32)/5.
7
List the prime factors of (-2)/(-4) + 435/10.
2, 11
Suppose 2*b + 7 = -h, -b = -4*b - 5*h - 28. Let w = 4 - b. List the prime factors of w*(39/15 - 1).
2
Let d(h) = h**3 - 3*h + 1. What are the prime factors of d(3)?
19
Suppose 0 = 4*w - 29 - 127. Suppose -w + 4 = -5*d. List the prime factors of d.
7
Let m = 7 + -2. Let b(v) = -v + 7. Let q be b(m). Suppose d - 13 = q*k - 2, -d = 2*k - 3. List the prime factors of d.
7
Suppose 109*i - 420 = 107*i. List the prime factors of i.
2, 3, 5, 7
Let u = -10 - -5. Let l = u - -8. Suppose k = -3*x + 23, -49 = -4*x - l*k - 2*k. What are the prime fac